(-6). Let v(a) = 232*a + 10. What are the prime factors of v(g)?
2, 353
Let t(f) = -1040*f + 20866. List the prime factors of t(0).
2, 10433
Let y(x) = x**2 - 11*x + 14. Suppose -5*q + 25 = 5*w, -2*w + 25 = 3*q - w. Let t be y(q). Suppose -8*u + 708 = t*u. List the prime factors of u.
59
Let w = -334 - -342. Suppose 1134 = w*y - 2*y. What are the prime factors of y?
3, 7
Suppose -4091 = -z - 2*q, 3050 = 5*z + 4*q - 17393. What are the prime factors of z?
61, 67
Let y be 943 + (-6 - (5 + -9)). Let l = -428 + y. What are the prime factors of l?
3, 19
Suppose 0 = -21*u + 20*u - 5*c + 2039, 3 = -c. List the prime factors of u.
2, 13, 79
Suppose 23*j - 3545509 - 1159479 = -45*j. What are the prime factors of j?
69191
Let l be (55/(-20))/(2/(-8)). Suppose 0 = x + g - 44 - l, -10 = -5*g. Suppose -x = -b + 57. What are the prime factors of b?
2, 5, 11
Suppose 0 = -2*c - 3*z + 566 + 490, -z - 2 = 0. What are the prime factors of c?
3, 59
Let c(m) = -3*m**2 - 4*m - 2. Let k be c(-3). Let f = 704 - 698. Let g = f - k. What are the prime factors of g?
23
Suppose k - 97 = 2*k. Suppose -262 = -s - 39. Let r = k + s. List the prime factors of r.
2, 3, 7
Suppose -12 + 54 = -3*d. Let q(w) = -w**3 - 14*w**2 + 59. List the prime factors of q(d).
59
Let i(x) = -x**2 + 8*x - 6. Let v be i(6). Let s be (33 - 8 - 15)*122. Suppose -v*l + l = -s. List the prime factors of l.
2, 61
Let j(r) = -3*r**2 - 3*r + 10. Let n be j(5). Let b = -201 + 385. Let l = b + n. List the prime factors of l.
2, 13
Let j be -3*(2 + -3)/(-3) - 111. Let r = j + 372. What are the prime factors of r?
2, 5, 13
Suppose 0 = 4*v + 5*j + 9, -2*j = -4*j - 2. Let w be (-18)/9 + 0 + (6 - v). Suppose -2*z + 3*t - 639 = -w*z, -3*z + 2*t = -624. What are the prime factors of z?
2, 3, 5, 7
Let b(s) = 2*s**3 - s**2 + 6*s - 758. Let z be b(0). Let r = -342 - z. What are the prime factors of r?
2, 13
Let q be ((-6)/(-7))/(6 + (-1500)/252). Suppose 0 = 17*s - q*s + 686. What are the prime factors of s?
2, 7
Let b(r) = 59*r**2 + 41*r + 248. List the prime factors of b(-16).
2, 11, 167
Suppose -v - 21*k + 726 = -19*k, 5*k - 3650 = -5*v. What are the prime factors of v?
2, 367
List the prime factors of 20/(-3)*(5011/(-4) - 11).
5, 337
Let i(f) = -28*f**3 + 34*f**2 + 2*f - 66. Let z(v) = -9*v**3 + 11*v**2 + v - 21. Let c(k) = 2*i(k) - 7*z(k). List the prime factors of c(6).
3, 5, 79
Let c(o) = o + 18. Let z be c(-12). Let h(l) be the first derivative of -l**4/4 + 5*l**3/3 + 6*l**2 - 12*l - 3. What are the prime factors of h(z)?
2, 3
List the prime factors of -10 + 14/1 + (-2 - -22987).
3, 79, 97
Let k(y) = 2*y**3 + 61*y**2 + 32*y + 71. Let c be k(-30). List the prime factors of (-54 - -32)*c/(-2).
11
Let o = -44 + 44. Suppose -13*y + 6*y + 1008 = o. Suppose -7*n = y - 984. List the prime factors of n.
2, 3, 5
Let r = 90 + 45. Let v(w) = -2*w**2 + r*w**3 - 1 + 0*w**2 + 4*w - 29*w**3. What are the prime factors of v(1)?
107
Suppose 6*v - 294 - 36 = 0. Let h(d) = -v - 4*d - 2*d**2 + 56 - 4*d - 5*d. List the prime factors of h(-6).
7
Let c(d) = -d**3 - 3*d**2 - 68*d - 36. List the prime factors of c(-23).
2, 3, 1009
Let r be (-4 - 23/(-2))/((-1)/(-26)). Let l = 551 - r. List the prime factors of l.
2, 89
Suppose 2*a + 3*r + 28 = -134, 342 = -4*a + 3*r. Let u = a + 99. Suppose u*d + 4*d = 1330. List the prime factors of d.
2, 5, 7
Suppose -123*s + 38927 = -120*s + u, -3*s + 38951 = -5*u. List the prime factors of s.
19, 683
Let q be 288/14*140/8. Let o be ((-2)/8)/((-5)/340). Suppose -o*p = -11*p - q. List the prime factors of p.
2, 3, 5
Let d(b) = 133*b**2 - 13*b + 31. List the prime factors of d(4).
7, 43
Let i(b) = 246*b + 10025. List the prime factors of i(0).
5, 401
List the prime factors of (-84)/72 + 496300/24.
2, 7, 211
Let h(s) = -2*s**2 - 4*s + 36. Let c be h(-5). Suppose 5*p - 7359 = -c*p. List the prime factors of p.
3, 223
Let d(g) = g**3 - 19*g**2 + 48*g - 42. List the prime factors of d(22).
2, 3, 137
What are the prime factors of (-291095)/(-2)*(-500)/(-1250)?
7, 8317
Let o be 0 - -1 - (-7 - -4). Let n be (3 - -10) + o/2. What are the prime factors of 1 + 231/5 - 3/n?
47
Let b(y) be the third derivative of 11*y**5/10 - 3*y**3/2 + 172*y**2. List the prime factors of b(3).
3, 5, 13
Let l be -1 - 11/((-44)/36). What are the prime factors of (-53*(-6)/l)/(18/96)?
2, 53
What are the prime factors of (-22)/44*42 - -78710?
13, 6053
Suppose -3096*o + 90130 = -3086*o. What are the prime factors of o?
9013
What are the prime factors of (-7 - 2)*58475/(-225)?
2339
Let v(a) = -1554*a + 36. Let t be v(-3). What are the prime factors of t/8 - (-65)/(-52)?
2, 293
Let q be (-112784)/(-40) + 2/5. Suppose q = 3*u - 1269. List the prime factors of u.
29, 47
Let t(r) = 14*r - 19. Let k be t(11). Suppose 3*w = 5*n - k, n - 5*w = -n + 35. Let i = 65 - n. What are the prime factors of i?
5, 7
Suppose 3*j - 567 = 2*g, j = g + 10 + 180. Suppose -1140 = j*k - 190*k. List the prime factors of k.
2, 5, 19
Let y(q) = 7903*q - 405. What are the prime factors of y(1)?
2, 23, 163
Let n(g) = -91*g + 429. What are the prime factors of n(-30)?
3, 13
List the prime factors of 247624/468 - -3*1/(-27).
23
Let l = -6358 + 36477. What are the prime factors of l?
30119
Let c = 1978 + 106. What are the prime factors of c?
2, 521
Suppose 0 = -y - 7 + 9. Suppose -2*f - 278 = -m, -5*m - f = -y*f - 1390. List the prime factors of m.
2, 139
Let l = -2550 + 4245. Let r = -1195 + l. List the prime factors of r.
2, 5
Suppose -51*m + 97*m = 25484. List the prime factors of m.
2, 277
Let u(k) = k**2 - 3*k + 156. Let d be 0/(-3)*((-14)/4 + 3). List the prime factors of u(d).
2, 3, 13
Let v(w) = 109*w**2 + 16*w - 1. Suppose h - 7 + 9 = 0, 16 = -5*r - 3*h. List the prime factors of v(r).
13, 31
Let c(z) = -z**3 - 16*z**2 - 159*z - 8. What are the prime factors of c(-13)?
2, 97
Let i = 1668 + -754. What are the prime factors of (-1)/((-4)/i*18/36)?
457
Suppose 23*f = 25*f - 112. Suppose f*n = 54*n + 1456. Suppose -6*v - 188 = -n. List the prime factors of v.
2, 3, 5
Let u(p) = 2*p - 8. Let q be u(-4). Let v = 6 + q. Let j = v - -109. What are the prime factors of j?
3, 11
Let b = -1166 + 1648. Suppose -486*h + 356 = -b*h. What are the prime factors of h?
89
Suppose 5*d = -395*p + 390*p + 158750, 63496 = 2*p + 3*d. List the prime factors of p.
2, 15877
Let h be (0 - -5)*(2 + (-24)/15). Let v be ((-2)/(-4) - 0)*(h - 12). Let r(y) = -2*y**3 - 6*y**2 + 3*y - 15. List the prime factors of r(v).
2, 5, 7
Let y(o) = -o**3 - 40*o**2 - 15*o + 124. Let v be y(-39). Let a = 180 - v. List the prime factors of a.
2, 31
Suppose f = 2*o, 3*o + 3*f + 10 = 1. Let m = 17 - o. Let w = 32 + m. What are the prime factors of w?
2, 5
Let y = 19444 - 13082. What are the prime factors of y?
2, 3181
Let v = 5617 - -27147. What are the prime factors of v?
2, 8191
Let w = 241 - 259. What are the prime factors of 722 + -1 + w/(-3)?
727
Suppose 43*w - 38*w = 3*t - 28418, -9471 = -t + 2*w. What are the prime factors of t?
19, 499
Let v(k) = -44*k + 27. Let u be v(-13). Suppose -2*j - 3*j + 1490 = -5*y, -y = 2*j - u. What are the prime factors of j?
13, 23
Suppose 50*b - 212*b = -519048. List the prime factors of b.
2, 3, 89
Suppose 13*q = 14585 - 2326. Let y = q + 269. What are the prime factors of y?
2, 3, 101
Let w = -41185 + 71569. List the prime factors of w.
2, 3, 211
Let r = 236 + -225. Let a = -142 - -252. Suppose r*u - 231 - a = 0. List the prime factors of u.
31
Suppose 3*n = -4*b + 2969, -7*b + 2*b = 20. What are the prime factors of n?
5, 199
Let l be ((-6080)/6)/((-4)/(-12)). List the prime factors of ((-112)/(-140))/((-2)/l).
2, 19
Let n(i) = -2*i - 41. Let o be n(-22). Suppose -m - 30 = -5*k, 5*k + 3*m + 5 = o*k. Suppose -b = l - 24, k*l - 2*b - 88 = b. List the prime factors of l.
2, 5
Suppose -8 = 4*y, -182 = -4*v + 4*y + 466. Suppose 10*x - 6*x = v. What are the prime factors of x?
2, 5
Let k(j) = 4*j**2 + 6*j - 6. Suppose -x + 5*s = 7, 7*x - 5*s = 3*x + 2. What are the prime factors of k(x)?
2, 3
Let h(i) = i**3 - 10*i**2 + 6*i + 13. Let v be (2/8)/((-5)/(-60) - 0). Suppose y + 5*n + 10 = 0, -5*y - n + 34 = v*n. What are the prime factors of h(y)?
73
Let n(d) = -d**3 + 14*d**2 + 3*d - 12. Let g be n(14). Let s = 44 - g. Let y(h) = 6*h + 7. What are the prime factor